{"id":3551,"date":"2015-01-16T09:41:19","date_gmt":"2015-01-16T08:41:19","guid":{"rendered":"http:\/\/www.benarabi.org\/?page_id=3551"},"modified":"2015-01-16T09:41:19","modified_gmt":"2015-01-16T08:41:19","slug":"practicas-del-master-universitario-de-formacion-del-profesorado","status":"publish","type":"page","link":"https:\/\/www.benarabi.org\/?page_id=3551","title":{"rendered":"Pr\u00e1cticas del M\u00e1ster Universitario de Formaci\u00f3n del Profesorado"},"content":{"rendered":"<p>1.\u00a0<a href=\"http:\/\/www.benarabi.org\/wp-content\/uploads\/2015\/01\/49117-mastersecundariaresoseleccioncentros-1-1.pdf\">Universidad de Murcia<\/a><\/p>\n<p>2. <a href=\"http:\/\/www.benarabi.org\/wp-content\/uploads\/2015\/01\/55028-uned-1.pdf\">Universidad Nacional de Educaci\u00f3n a Distancia (UNED)<\/a>.<\/p>\n<p>3. <a href=\"http:\/\/www.benarabi.org\/wp-content\/uploads\/2015\/01\/102066-master-UCAM.pdf\">Universidad Cat\u00f3lica de Murcia (UCAM)<\/a>.<\/p>\n<p>4.\u00a0<a href=\"http:\/\/www.benarabi.org\/wp-content\/uploads\/2015\/01\/universidad-internacional-valencia-riojj-y-camilo-jose-cela6-129927.pdf\">Universidad Internacional de Valencia, de la Rioja y Camilo Jos\u00e9 Cela<\/a><\/p>\n","protected":false},"excerpt":{"rendered":"<p>1.\u00a0Universidad de Murcia 2. Universidad Nacional de Educaci\u00f3n a Distancia (UNED). 3. Universidad Cat\u00f3lica de Murcia (UCAM). 4.\u00a0Universidad Internacional de Valencia, de la Rioja y Camilo Jos\u00e9 Cela<\/p>\n","protected":false},"author":1,"featured_media":0,"parent":0,"menu_order":0,"comment_status":"closed","ping_status":"open","template":"","meta":{"footnotes":""},"class_list":["post-3551","page","type-page","status-publish","hentry"],"_links":{"self":[{"href":"https:\/\/www.benarabi.org\/index.php?rest_route=\/wp\/v2\/pages\/3551","targetHints":{"allow":["GET"]}}],"collection":[{"href":"https:\/\/www.benarabi.org\/index.php?rest_route=\/wp\/v2\/pages"}],"about":[{"href":"https:\/\/www.benarabi.org\/index.php?rest_route=\/wp\/v2\/types\/page"}],"author":[{"embeddable":true,"href":"https:\/\/www.benarabi.org\/index.php?rest_route=\/wp\/v2\/users\/1"}],"replies":[{"embeddable":true,"href":"https:\/\/www.benarabi.org\/index.php?rest_route=%2Fwp%2Fv2%2Fcomments&post=3551"}],"version-history":[{"count":1,"href":"https:\/\/www.benarabi.org\/index.php?rest_route=\/wp\/v2\/pages\/3551\/revisions"}],"predecessor-version":[{"id":3552,"href":"https:\/\/www.benarabi.org\/index.php?rest_route=\/wp\/v2\/pages\/3551\/revisions\/3552"}],"wp:attachment":[{"href":"https:\/\/www.benarabi.org\/index.php?rest_route=%2Fwp%2Fv2%2Fmedia&parent=3551"}],"curies":[{"name":"wp","href":"https:\/\/api.w.org\/{rel}","templated":true}]}}