{"id":6170,"date":"2018-11-13T15:36:58","date_gmt":"2018-11-13T14:36:58","guid":{"rendered":"http:\/\/www.benarabi.org\/?page_id=6170"},"modified":"2024-11-22T13:28:12","modified_gmt":"2024-11-22T12:28:12","slug":"distinciones-obtenidas-por-el-ies-ben-arabi","status":"publish","type":"page","link":"https:\/\/www.benarabi.org\/?page_id=6170","title":{"rendered":"DISTINCIONES OBTENIDAS POR EL IES BEN ARAB\u00cd"},"content":{"rendered":"<p>&nbsp;<\/p>\n<p>&nbsp;<\/p>\n<table class=\"alignleft\" style=\"height: 681px; width: 100%; border-collapse: collapse;\" border=\"1\">\n<tbody>\n<tr style=\"height: 24px; text-align: justify;\">\n<td style=\"width: 16.341%; height: 24px; text-align: left; vertical-align: top;\"><img loading=\"lazy\" decoding=\"async\" class=\"alignleft wp-image-6177 size-full\" src=\"http:\/\/www.benarabi.org\/wp-content\/uploads\/2018\/11\/1-JAM-e1542119604606.jpg\" alt=\"\" width=\"75\" height=\"106\" \/><\/td>\n<td style=\"width: 83.4814%; height: 24px; text-align: justify; vertical-align: top;\">Instauraci\u00f3n del <strong>Premio \u201cJacinto Alcaraz Mellado\u201d<\/strong>, a la solidaridad, la tolerancia y la convivencia. Curso 1997-1998.<\/td>\n<\/tr>\n<tr style=\"height: 24px; text-align: justify;\">\n<td style=\"width: 16.341%; height: 24px; text-align: left; vertical-align: top;\"><img loading=\"lazy\" decoding=\"async\" class=\"alignleft wp-image-6178 size-full\" src=\"http:\/\/www.benarabi.org\/wp-content\/uploads\/2018\/11\/2-Secciones-biling\u00fces-e1542119680817.jpg\" alt=\"\" width=\"75\" height=\"47\" \/><\/td>\n<td style=\"width: 83.4814%; height: 24px; text-align: justify; vertical-align: top;\">Primer centro educativo en la Regi\u00f3n de Murcia en implantar una <strong>Secci\u00f3n Biling\u00fce<\/strong>. Curso 1999-2000.<\/td>\n<\/tr>\n<tr style=\"height: 24px; text-align: justify;\">\n<td style=\"width: 16.341%; height: 24px; text-align: left; vertical-align: top;\"><img loading=\"lazy\" decoding=\"async\" class=\"alignleft wp-image-6183 size-full\" src=\"http:\/\/www.benarabi.org\/wp-content\/uploads\/2018\/11\/3-bachibac-e1542119793690.jpg\" alt=\"\" width=\"75\" height=\"56\" \/><\/td>\n<td style=\"width: 83.4814%; height: 24px; text-align: justify; vertical-align: top;\">Primer centro educativo en Espa\u00f1a en impartir el <strong>Programa Bachibac<\/strong>, de doble titulaci\u00f3n Bachillerato-Baccalaur\u00e9at. Curso 2010-2011.<\/td>\n<\/tr>\n<tr style=\"height: 24px; text-align: justify;\">\n<td style=\"width: 16.341%; height: 24px; text-align: left; vertical-align: top;\"><img loading=\"lazy\" decoding=\"async\" class=\"alignleft wp-image-6179 size-full\" src=\"http:\/\/www.benarabi.org\/wp-content\/uploads\/2018\/11\/4-EPS.jpg\" alt=\"\" width=\"84\" height=\"82\" \/><\/td>\n<td style=\"width: 83.4814%; height: 24px; text-align: justify; vertical-align: top;\">Centro perteneciente a la <strong>Red<\/strong><strong> de <em>Educaci\u00f3n para la Salud. <\/em><\/strong><em>Curso 2013-2014.<\/em><\/td>\n<\/tr>\n<tr style=\"height: 24px; text-align: justify;\">\n<td style=\"width: 16.341%; height: 24px; text-align: left; vertical-align: top;\"><img loading=\"lazy\" decoding=\"async\" class=\"alignleft wp-image-6180 size-full\" src=\"http:\/\/www.benarabi.org\/wp-content\/uploads\/2018\/11\/5-Red-Excelencia-e1542119924396.jpg\" alt=\"\" width=\"75\" height=\"78\" \/><\/td>\n<td style=\"width: 83.4814%; height: 24px; text-align: justify; vertical-align: top;\">Centro perteneciente a la <strong><em>Red<\/em><\/strong><strong><em> de Centros de Excelencia Educativa<\/em> <\/strong>de la Regi\u00f3n de Murcia, para la implantaci\u00f3n del modelo de gesti\u00f3n de calidad educativa CAF Educaci\u00f3n. Curso 2013-2014.<\/td>\n<\/tr>\n<tr style=\"height: 24px; text-align: justify;\">\n<td style=\"width: 16.341%; height: 24px; text-align: left; vertical-align: top;\"><a href=\"http:\/\/www.benarabi.org\/wp-content\/uploads\/2019\/07\/Dibujo1-e1563435007408.jpg\"><img loading=\"lazy\" decoding=\"async\" class=\"alignleft size-full wp-image-6645\" src=\"http:\/\/www.benarabi.org\/wp-content\/uploads\/2019\/07\/Dibujo1-e1563435007408.jpg\" alt=\"\" width=\"75\" height=\"71\" \/><\/a><\/td>\n<td style=\"width: 83.4814%; height: 24px; text-align: justify; vertical-align: top;\"><strong>Sello <em>Label France Education<\/em><\/strong> del Ministerio de Asuntos Exteriores de la Rep\u00fablica Francesa, que reconoce a los centros educativos que sobresalen por una ense\u00f1anza del franc\u00e9s excelente. Curso 2014-2015.<\/td>\n<\/tr>\n<tr style=\"height: 24px; text-align: justify;\">\n<td style=\"width: 16.341%; height: 24px; text-align: left; vertical-align: top;\"><img loading=\"lazy\" decoding=\"async\" class=\"alignleft wp-image-6181 size-full\" src=\"http:\/\/www.benarabi.org\/wp-content\/uploads\/2018\/11\/7-FC-Miguel-Hdez-e1542120089917.jpg\" alt=\"\" width=\"75\" height=\"27\" \/><\/td>\n<td style=\"width: 83.4814%; height: 24px; text-align: justify; vertical-align: top;\">Centro asociado a la <strong>Fundaci\u00f3n<\/strong><strong> Cultural<\/strong><strong> Miguel Hern\u00e1ndez<\/strong>. Curso 2014-2015.<\/td>\n<\/tr>\n<tr style=\"height: 24px; text-align: justify;\">\n<td style=\"width: 16.341%; height: 24px; text-align: left; vertical-align: top;\"><img loading=\"lazy\" decoding=\"async\" class=\"alignleft size-full wp-image-6182\" src=\"http:\/\/www.benarabi.org\/wp-content\/uploads\/2018\/11\/8-11-15-premios-extraord-e1542120158832.jpg\" alt=\"\" width=\"75\" height=\"75\" \/><\/td>\n<td style=\"width: 83.4814%; height: 24px; text-align: justify; vertical-align: top;\"><strong>Premios Extraordinarios de Educaci\u00f3n Secundaria<\/strong>. Una alumna del Centro obtiene premio extraordinario, alcanzando la primera posici\u00f3n. <strong>Premios Extraordinarios de Formaci\u00f3n Profesional y Ense\u00f1anzas Art\u00edsticas<\/strong>. Una alumna obtiene premio extraordinario en esta categor\u00eda. Curso 2014-2015.<\/td>\n<\/tr>\n<tr style=\"height: 24px; text-align: justify;\">\n<td style=\"width: 16.341%; height: 24px; text-align: left; vertical-align: top;\"><img loading=\"lazy\" decoding=\"async\" class=\"alignleft wp-image-6172 size-full\" src=\"http:\/\/www.benarabi.org\/wp-content\/uploads\/2018\/11\/9-Cardioprotegido-e1542120233948.jpg\" alt=\"\" width=\"75\" height=\"83\" \/><\/td>\n<td style=\"width: 83.4814%; height: 24px; text-align: justify; vertical-align: top;\"><strong>Centro Cardioprotegido<\/strong>, acreditado por la Sociedad Espa\u00f1ola de Medicina y Seguridad del Trabajo. Curso 2015-2016.<\/td>\n<\/tr>\n<tr style=\"height: 24px; text-align: justify;\">\n<td style=\"width: 16.341%; height: 24px; text-align: left; vertical-align: top;\"><strong><a href=\"http:\/\/www.benarabi.org\/wp-content\/uploads\/2018\/11\/10-sello-vida-saludable.jpg\"><img loading=\"lazy\" decoding=\"async\" class=\"alignleft wp-image-6173 size-full\" src=\"http:\/\/www.benarabi.org\/wp-content\/uploads\/2018\/11\/10-sello-vida-saludable-e1542120290157.jpg\" alt=\"\" width=\"75\" height=\"75\" \/><\/a><\/strong><\/td>\n<td style=\"width: 83.4814%; height: 24px; text-align: justify; vertical-align: top;\"><strong>Sello de Calidad <em>Vida Saludable<\/em><\/strong>, concedido por el Ministerio de Educaci\u00f3n, a los centros que destacan por su labor en la promoci\u00f3n de h\u00e1bitos saludables. Curso 2015-2016.<\/td>\n<\/tr>\n<tr style=\"height: 96px; text-align: justify;\">\n<td style=\"width: 16.341%; height: 96px; text-align: left; vertical-align: top;\"><img loading=\"lazy\" decoding=\"async\" class=\"alignleft size-full wp-image-6182\" src=\"http:\/\/www.benarabi.org\/wp-content\/uploads\/2018\/11\/8-11-15-premios-extraord-e1542120158832.jpg\" alt=\"\" width=\"75\" height=\"75\" \/><\/td>\n<td style=\"width: 83.4814%; height: 96px; text-align: justify; vertical-align: top;\"><strong>Premios Extraordinarios de Educaci\u00f3n Secundaria<\/strong>. Tres alumnos del Centro obtienen premio extraordinario, ocupando dos de ellos los puestos segundo y tercero. Curso 2016-2017.<\/td>\n<\/tr>\n<tr style=\"height: 72px;\">\n<td style=\"width: 16.341%; height: 72px; vertical-align: top; text-align: justify;\"><a href=\"http:\/\/www.benarabi.org\/wp-content\/uploads\/2018\/11\/12-nivel-avanzado-franc\u00e9s.jpg\"><img loading=\"lazy\" decoding=\"async\" class=\"alignleft wp-image-6174 size-full\" src=\"http:\/\/www.benarabi.org\/wp-content\/uploads\/2018\/11\/12-nivel-avanzado-franc\u00e9s-e1542120367148.jpg\" alt=\"\" width=\"75\" height=\"49\" \/><\/a><\/td>\n<td style=\"width: 83.4814%; height: 72px; vertical-align: top; text-align: justify;\">Primer Centro en alcanzar el <strong>Nivel Avanzado en Ense\u00f1anza de Lenguas Extranjeras<\/strong> en la Regi\u00f3n de Murcia. Curso 2016-2017.<\/td>\n<\/tr>\n<tr style=\"height: 91px; text-align: justify;\">\n<td style=\"width: 16.341%; height: 91px; text-align: left; vertical-align: top;\"><img loading=\"lazy\" decoding=\"async\" class=\"alignleft wp-image-6175 size-full\" src=\"http:\/\/www.benarabi.org\/wp-content\/uploads\/2018\/11\/13-delf-scolaire-e1542120419528.jpg\" alt=\"\" width=\"75\" height=\"75\" \/><\/td>\n<td style=\"width: 83.4814%; height: 91px; text-align: justify; vertical-align: top;\">Centro educativo acreditado como <strong>Colaborador DELF-Scolaire<\/strong> por el Ministerio de Educaci\u00f3n Nacional de la Rep\u00fablica Francesa. Curso 2017-2018.<\/td>\n<\/tr>\n<tr style=\"height: 91px; text-align: justify;\">\n<td style=\"width: 16.341%; height: 91px; text-align: left; vertical-align: top;\"><img loading=\"lazy\" decoding=\"async\" class=\"alignleft wp-image-6176 size-full\" src=\"http:\/\/www.benarabi.org\/wp-content\/uploads\/2018\/11\/14-premios-transparencia-e1542120473371.jpg\" alt=\"\" width=\"75\" height=\"75\" \/><\/td>\n<td style=\"width: 83.4814%; height: 91px; text-align: justify; vertical-align: top;\">Distinci\u00f3n como <strong>Centro Educativo comprometido con la Transparencia<\/strong>, del Ayuntamiento de Cartagena. Curso 2017-2018.<\/td>\n<\/tr>\n<tr style=\"height: 91px; text-align: justify;\">\n<td style=\"width: 16.341%; height: 91px; text-align: justify; vertical-align: top;\"><strong><a href=\"http:\/\/www.benarabi.org\/wp-content\/uploads\/2018\/11\/8-11-15-premios-extraord.jpg\"><img loading=\"lazy\" decoding=\"async\" class=\"wp-image-6182 size-full\" src=\"http:\/\/www.benarabi.org\/wp-content\/uploads\/2018\/11\/8-11-15-premios-extraord-e1542120158832.jpg\" alt=\"\" width=\"75\" height=\"75\" \/><\/a><\/strong><\/td>\n<td style=\"width: 83.4814%; height: 91px; text-align: justify; vertical-align: top;\"><strong>Premios Extraordinarios de Educaci\u00f3n Secundaria<\/strong>. Una alumna del Centro obtiene premio extraordinario, ocupando el segundo puesto. Curso 2017-2018<\/td>\n<\/tr>\n<tr style=\"text-align: justify;\">\n<td style=\"width: 16.341%; vertical-align: top; text-align: justify;\"><a href=\"http:\/\/www.benarabi.org\/wp-content\/uploads\/2019\/07\/Dibujo1-e1563435007408.jpg\"><img loading=\"lazy\" decoding=\"async\" class=\"alignleft size-full wp-image-6645\" src=\"http:\/\/www.benarabi.org\/wp-content\/uploads\/2019\/07\/Dibujo1-e1563435007408.jpg\" alt=\"\" width=\"75\" height=\"71\" \/><\/a><\/td>\n<td style=\"width: 83.4814%; vertical-align: top; text-align: justify;\"><strong>Renovaci\u00f3n del Sello Label France Education<\/strong> del Ministerio de Asuntos Exteriores de la Rep\u00fablica Francesa, extendi\u00e9ndolo a todos los niveles, incluido el Bachillerato. Curso 2018-2019.<br \/>\n<strong><br \/>\n<\/strong><\/td>\n<\/tr>\n<tr style=\"text-align: justify;\">\n<td style=\"width: 16.341%; text-align: left; vertical-align: top;\"><a href=\"http:\/\/www.benarabi.org\/wp-content\/uploads\/2019\/07\/Dibujo-e1563434793360.jpg\"><img loading=\"lazy\" decoding=\"async\" class=\"alignleft size-full wp-image-6643\" src=\"http:\/\/www.benarabi.org\/wp-content\/uploads\/2019\/07\/Dibujo-e1563434793360.jpg\" alt=\"\" width=\"75\" height=\"74\" \/><\/a><\/td>\n<td style=\"width: 83.4814%; text-align: justify; vertical-align: top;\"><strong><b>Renovaci\u00f3n<\/b> del distintivo de Calidad <b>\u00abSello Vida Saludable\u00bb<\/b><\/strong>, concedido por el Ministerio de Educaci\u00f3n, a los centros que destacan por su labor en la promoci\u00f3n de h\u00e1bitos saludables. Curso 2018-2019.<\/td>\n<\/tr>\n<tr style=\"text-align: justify;\">\n<td style=\"width: 16.341%; text-align: left; vertical-align: top;\"><a href=\"http:\/\/www.benarabi.org\/wp-content\/uploads\/2019\/07\/OTPCIcon-1-e1563434874861.jpg\"><img loading=\"lazy\" decoding=\"async\" class=\"alignleft size-full wp-image-6637\" src=\"http:\/\/www.benarabi.org\/wp-content\/uploads\/2019\/07\/OTPCIcon-1-e1563434874861.jpg\" alt=\"\" width=\"75\" height=\"75\" \/><\/a><\/td>\n<td style=\"width: 83.4814%; text-align: justify; vertical-align: top;\"><strong>Primer Premio\u00a0 \u00ab<b>Transparencia, Participaci\u00f3n ciudadana y Buen gobierno de la Regi\u00f3n de Murcia<\/b>\u00ab, <\/strong>concedido por la Consejer\u00eda de Transparencia y Participaci\u00f3n de la Comunidad Aut\u00f3noma de la regi\u00f3n de Murcia, a los centros\u00a0 que fomenten las pr\u00e1cticas en transparencia, participaci\u00f3n y buen gobierno. Curso 2018-2019.<\/td>\n<\/tr>\n<tr style=\"text-align: justify;\">\n<td style=\"width: 16.341%; text-align: left; vertical-align: top;\"><strong><img loading=\"lazy\" decoding=\"async\" class=\"wp-image-6182 size-full alignleft\" src=\"http:\/\/www.benarabi.org\/wp-content\/uploads\/2018\/11\/8-11-15-premios-extraord-e1542120158832.jpg\" alt=\"\" width=\"75\" height=\"75\" \/><\/strong><\/td>\n<td style=\"width: 83.4814%; text-align: justify; vertical-align: top;\"><strong>Premios Extraordinarios de Educaci\u00f3n Secundaria<\/strong>. Un alumno del Centro obtiene premio extraordinario, ocupando el noveno puesto. Curso 2018-2019.<\/td>\n<\/tr>\n<tr style=\"text-align: justify;\">\n<td style=\"width: 16.341%; text-align: left; vertical-align: top;\"><strong><a href=\"http:\/\/www.benarabi.org\/wp-content\/uploads\/2018\/11\/8-11-15-premios-extraord.jpg\"><img loading=\"lazy\" decoding=\"async\" class=\"alignleft wp-image-6180 size-full\" src=\"http:\/\/www.benarabi.org\/wp-content\/uploads\/2018\/11\/5-Red-Excelencia-e1542119924396.jpg\" alt=\"\" width=\"75\" height=\"78\" \/><\/a><\/strong><\/td>\n<td style=\"width: 83.4814%; text-align: justify; vertical-align: top;\"><strong>Sello de Calidad:\u00bb Red de Centros de Excelencia Educativa Regi\u00f3n de Murcia\u00bb<\/strong>, concedido por la Consejer\u00eda de Educaci\u00f3n y Cultura, a los centros que han implantado Sistemas de Gesti\u00f3n de Calidad. Curso 2019-20.<\/td>\n<\/tr>\n<tr>\n<td style=\"width: 16.341%; vertical-align: top; text-align: justify;\"><strong><a href=\"http:\/\/www.benarabi.org\/wp-content\/uploads\/2020\/01\/carta-de-servicios-1.jpg\"><img loading=\"lazy\" decoding=\"async\" class=\"alignleft wp-image-7175 size-full\" src=\"http:\/\/www.benarabi.org\/wp-content\/uploads\/2020\/01\/carta-de-servicios-1-e1578947251518.jpg\" alt=\"\" width=\"75\" height=\"67\" \/><\/a><\/strong><strong><br \/>\n<\/strong><\/td>\n<td style=\"width: 83.4814%; text-align: justify; vertical-align: top;\"><b>Aprobaci\u00f3n de Carta de Servicios del IES. Ben Arab\u00ed<\/b>, por la Consejer\u00eda de Transparencia, Participaci\u00f3n y Administraci\u00f3n P\u00fablica. Curso 2019-2020.<\/td>\n<\/tr>\n<tr style=\"text-align: justify;\">\n<td style=\"width: 16.341%; text-align: left; vertical-align: top;\"><strong><a href=\"http:\/\/www.benarabi.org\/wp-content\/uploads\/2018\/11\/8-11-15-premios-extraord.jpg\"><img loading=\"lazy\" decoding=\"async\" class=\"alignleft wp-image-6180 size-full\" src=\"http:\/\/www.benarabi.org\/wp-content\/uploads\/2018\/11\/5-Red-Excelencia-e1542119924396.jpg\" alt=\"\" width=\"75\" height=\"78\" \/><\/a><\/strong><\/td>\n<td style=\"width: 83.4814%; text-align: justify; vertical-align: top;\"><strong>Sello de Calidad:\u00bb Centro con Compromiso de Calidad en os Servicios\u00bb<\/strong>, concedido por la Consejer\u00eda de Educaci\u00f3n y Cultura, a los centros que han implantado procesos de mejora continua en los servicios que prestan a los ciudadanos. Curso 2020-21.<\/td>\n<\/tr>\n<tr style=\"text-align: justify;\">\n<td style=\"width: 16.341%; text-align: left; vertical-align: top;\"><img loading=\"lazy\" decoding=\"async\" class=\"alignleft wp-image-6179 size-full\" src=\"http:\/\/www.benarabi.org\/wp-content\/uploads\/2018\/11\/4-EPS.jpg\" alt=\"\" width=\"84\" height=\"82\" \/><\/td>\n<td style=\"width: 83.4814%; text-align: justify; vertical-align: top;\">\n<p style=\"text-align: justify;\"><strong>Educaci\u00f3n para la Salud<\/strong>. Premio al <strong>Proyecto \u201cPrograma para la prevenci\u00f3n de la COVID-19 en el IES Ben Arab\u00ed\u201d<\/strong>, presentado en la Convocatoria de Proyectos de Educaci\u00f3n\u00a0para\u00a0la salud referidos a la implantaci\u00f3n y\/o adaptaci\u00f3n de recursos did\u00e1cticos\u00a0para\u00a0la\u00a0prevenci\u00f3n\u00a0de\u00a0infecciones\u00a0en\u00a0centros\u00a0docentes\u00a0no\u00a0universitarios de\u00a0titularidad\u00a0p\u00fablica. Curso 2020-2021.<\/p>\n<\/td>\n<\/tr>\n<tr style=\"text-align: justify;\">\n<td style=\"width: 16.341%; vertical-align: top; text-align: justify;\"><a href=\"http:\/\/www.benarabi.org\/wp-content\/uploads\/2019\/07\/Dibujo1-e1563435007408.jpg\"><img loading=\"lazy\" decoding=\"async\" class=\"alignleft size-full wp-image-6645\" src=\"http:\/\/www.benarabi.org\/wp-content\/uploads\/2019\/07\/Dibujo1-e1563435007408.jpg\" alt=\"\" width=\"75\" height=\"71\" \/><\/a><\/td>\n<td style=\"width: 83.4814%; text-align: justify; vertical-align: top;\">\n<p style=\"text-align: justify;\"><strong>Renovaci\u00f3n del Sello de Excelencia \u201cLabel France Education\u201d<\/strong>\u00a0del Ministerio de Asuntos Exteriores de la Rep\u00fablica Francesa, en todos los niveles. Curso 2020-2021.<\/p>\n<\/td>\n<\/tr>\n<tr style=\"text-align: justify;\">\n<td style=\"width: 16.341%; text-align: left; vertical-align: top;\"><img loading=\"lazy\" decoding=\"async\" class=\"alignleft wp-image-9109 size-full\" src=\"https:\/\/www.benarabi.org\/wp-content\/uploads\/2022\/02\/logo-presupuestos-e1643705253680.png\" alt=\"\" width=\"75\" height=\"75\" \/><\/td>\n<td style=\"width: 83.4814%; text-align: justify; vertical-align: top;\">\n<p style=\"text-align: justify;\">Implantaci\u00f3n del Proyecto \u00bb\u00a0<b>Presupuestos Participativos en Centros Educativos<\/b>\u00bb del Ayuntamiento de Cartagena. Curso 2021-2022<\/p>\n<\/td>\n<\/tr>\n<tr style=\"text-align: justify;\">\n<td style=\"width: 16.341%; vertical-align: top; text-align: justify;\"><a href=\"http:\/\/www.benarabi.org\/wp-content\/uploads\/2019\/07\/Dibujo1-e1563435007408.jpg\"><img loading=\"lazy\" decoding=\"async\" class=\"alignleft wp-image-6179 size-full\" src=\"http:\/\/www.benarabi.org\/wp-content\/uploads\/2018\/11\/4-EPS.jpg\" alt=\"\" width=\"84\" height=\"82\" \/><\/a><\/td>\n<td style=\"width: 83.4814%; text-align: justify; vertical-align: top;\"><b>Educaci\u00f3n para la Salud<\/b>. Premio al Proyecto \u00bb\u00a0<b>Higiene y cuidado personal. Prevenci\u00f3n de infecciones en el entorno escolar IES Ben Arabi<\/b>\u00ab. Curso 2021-2022<\/td>\n<\/tr>\n<tr style=\"text-align: justify;\">\n<td style=\"width: 16.341%; text-align: left; vertical-align: top;\"><img decoding=\"async\" src=\"http:\/\/www.benarabi.org\/wp-content\/uploads\/2019\/07\/Dibujo-e1563434793360.jpg\" \/><\/td>\n<td style=\"width: 83.4814%; text-align: justify; vertical-align: top;\">\n<p style=\"text-align: justify;\"><strong><b>Renovaci\u00f3n<\/b> del distintivo de Calidad <b>\u00abSello Vida Saludable\u00bb<\/b><\/strong>, concedido por el Ministerio de Educaci\u00f3n, a los centros que destacan por su labor en la promoci\u00f3n de h\u00e1bitos saludables. Curso 2021-2022.<\/p>\n<\/td>\n<\/tr>\n<tr style=\"text-align: justify;\">\n<td style=\"width: 16.341%; vertical-align: top; text-align: justify;\"><strong><a href=\"http:\/\/www.benarabi.org\/wp-content\/uploads\/2018\/11\/8-11-15-premios-extraord.jpg\"><img loading=\"lazy\" decoding=\"async\" class=\"alignleft wp-image-6180 size-full\" src=\"http:\/\/www.benarabi.org\/wp-content\/uploads\/2018\/11\/5-Red-Excelencia-e1542119924396.jpg\" alt=\"\" width=\"75\" height=\"78\" \/><\/a><\/strong><\/td>\n<td style=\"width: 83.4814%; text-align: justify; vertical-align: top;\"><strong>Homologaci\u00f3n del Informe de Autoevaluaci\u00f3n del IES BEN ARABI realizado con el modelo CAF Educaci\u00f3n<\/strong>, emitido por los evaluadores designados por la Direcci\u00f3n General de Recursos Humanos, Planificaci\u00f3n Educativa y Evaluaci\u00f3n, con una puntuaci\u00f3n de 413 puntos. Curso 2021-22.<\/td>\n<\/tr>\n<tr style=\"text-align: justify;\">\n<td style=\"width: 16.341%; text-align: left; vertical-align: top;\"><a href=\"http:\/\/www.benarabi.org\/wp-content\/uploads\/2019\/07\/OTPCIcon-1-e1563434874861.jpg\"><img loading=\"lazy\" decoding=\"async\" class=\"alignleft size-full wp-image-6637\" src=\"http:\/\/www.benarabi.org\/wp-content\/uploads\/2019\/07\/OTPCIcon-1-e1563434874861.jpg\" alt=\"\" width=\"75\" height=\"75\" \/><\/a><\/td>\n<td style=\"width: 83.4814%; text-align: justify; vertical-align: top;\"><strong>Primer Premio\u00a0 \u201cTransparencia, Participaci\u00f3n ciudadana y Buen gobierno de la Regi\u00f3n de Murcia\u201d,\u00a0<\/strong>concedido por la Consejer\u00eda de Mujer, Igualdad, LGTBI, Familias, Pol\u00edtica Social y Transparencia, a los centros\u00a0de educaci\u00f3n reglada no universitaria que fomenten las pr\u00e1cticas en transparencia, participaci\u00f3n y buen gobierno. Curso 2021-2022.<\/td>\n<\/tr>\n<tr style=\"text-align: justify;\">\n<td style=\"width: 16.341%; vertical-align: top; text-align: justify;\"><img loading=\"lazy\" decoding=\"async\" class=\"alignleft wp-image-9109 size-full\" src=\"https:\/\/www.benarabi.org\/wp-content\/uploads\/2022\/02\/logo-presupuestos-e1643705253680.png\" alt=\"\" width=\"75\" height=\"75\" \/><\/td>\n<td style=\"width: 83.4814%; text-align: justify; vertical-align: top;\">Proyecto \u201c<strong>Presupuestos Participativos en Centros Educativos<\/strong>\u00bb del Ayuntamiento de Cartagena\u201d. Curso 2022-2023<\/td>\n<\/tr>\n<tr style=\"text-align: justify;\">\n<td style=\"width: 16.341%; text-align: left; vertical-align: top;\"><a href=\"http:\/\/www.benarabi.org\/wp-content\/uploads\/2019\/07\/Dibujo1-e1563435007408.jpg\"><img loading=\"lazy\" decoding=\"async\" class=\"alignleft wp-image-6179 size-full\" src=\"http:\/\/www.benarabi.org\/wp-content\/uploads\/2018\/11\/4-EPS.jpg\" alt=\"\" width=\"84\" height=\"82\" \/><\/a><\/td>\n<td style=\"width: 83.4814%; text-align: justify; vertical-align: top;\"><strong>Educaci\u00f3n para la Salud<\/strong>. Premio al Proyecto \u201cPromoci\u00f3n de la Salud Emocional\u201d. Curso 2022-2023.<\/td>\n<\/tr>\n<tr style=\"height: 24px; text-align: justify;\">\n<td style=\"width: 16.341%; height: 24px; text-align: left; vertical-align: top;\"><img loading=\"lazy\" decoding=\"async\" class=\"alignleft size-full wp-image-6182\" src=\"http:\/\/www.benarabi.org\/wp-content\/uploads\/2018\/11\/8-11-15-premios-extraord-e1542120158832.jpg\" alt=\"\" width=\"75\" height=\"75\" \/><\/td>\n<td style=\"width: 83.4814%; height: 24px; text-align: justify; vertical-align: top;\"><strong>Premios Extraordinarios de Bachillerato<\/strong>. Una alumna del Centro obtiene premio extraordinario, alcanzando la tercera posici\u00f3n. Curso 2022-2023.<\/td>\n<\/tr>\n<tr style=\"text-align: justify;\">\n<td style=\"width: 16.341%; text-align: left; vertical-align: top;\"><strong><a href=\"http:\/\/www.benarabi.org\/wp-content\/uploads\/2018\/11\/8-11-15-premios-extraord.jpg\"><img loading=\"lazy\" decoding=\"async\" class=\"alignleft wp-image-6180 size-full\" src=\"http:\/\/www.benarabi.org\/wp-content\/uploads\/2018\/11\/5-Red-Excelencia-e1542119924396.jpg\" alt=\"\" width=\"75\" height=\"78\" \/><\/a><\/strong><\/td>\n<td style=\"width: 83.4814%; text-align: justify; vertical-align: top;\">Sello de Calidad \u00ab<strong>Centro de Calidad Educativa de la Regi\u00f3n de Murcia<\/strong>\u00ab, concedido por la Consejer\u00eda de Educaci\u00f3n, Formaci\u00f3n Profesional y Empleo, a los centros que han realizado una autoevaluaci\u00f3n de la totalidad de la organizaci\u00f3n y que los resultados han obtenido una Homologaci\u00f3n. Puntuaci\u00f3n obtenida 413 puntos.<\/td>\n<\/tr>\n<tr style=\"height: 24px; text-align: justify;\">\n<td style=\"width: 16.341%; height: 24px; text-align: left; vertical-align: top;\"><img loading=\"lazy\" decoding=\"async\" class=\"alignleft size-full wp-image-6182\" src=\"https:\/\/www.benarabi.org\/wp-content\/uploads\/2024\/11\/CanGODeep-1.png\" alt=\"\" width=\"75\" height=\"75\" \/><\/td>\n<td style=\"width: 83.4814%; height: 24px; text-align: justify; vertical-align: top;\">El IES Ben Arabi pasa a formar parte de la \u00ab<strong>Network of European Blue Schools\u00bb.<\/strong> Curso 2024-2025.<\/td>\n<\/tr>\n<\/tbody>\n<\/table>\n","protected":false},"excerpt":{"rendered":"<p>&nbsp; &nbsp; Instauraci\u00f3n del Premio \u201cJacinto Alcaraz Mellado\u201d, a la solidaridad, la tolerancia y la convivencia. Curso 1997-1998. Primer centro educativo en la Regi\u00f3n de Murcia en implantar una Secci\u00f3n Biling\u00fce. Curso 1999-2000. Primer centro educativo en Espa\u00f1a en impartir el Programa Bachibac, de doble titulaci\u00f3n Bachillerato-Baccalaur\u00e9at. Curso 2010-2011. Centro perteneciente a la Red de [&hellip;]<\/p>\n","protected":false},"author":1,"featured_media":0,"parent":0,"menu_order":0,"comment_status":"closed","ping_status":"closed","template":"","meta":{"footnotes":""},"class_list":["post-6170","page","type-page","status-publish","hentry"],"_links":{"self":[{"href":"https:\/\/www.benarabi.org\/index.php?rest_route=\/wp\/v2\/pages\/6170","targetHints":{"allow":["GET"]}}],"collection":[{"href":"https:\/\/www.benarabi.org\/index.php?rest_route=\/wp\/v2\/pages"}],"about":[{"href":"https:\/\/www.benarabi.org\/index.php?rest_route=\/wp\/v2\/types\/page"}],"author":[{"embeddable":true,"href":"https:\/\/www.benarabi.org\/index.php?rest_route=\/wp\/v2\/users\/1"}],"replies":[{"embeddable":true,"href":"https:\/\/www.benarabi.org\/index.php?rest_route=%2Fwp%2Fv2%2Fcomments&post=6170"}],"version-history":[{"count":44,"href":"https:\/\/www.benarabi.org\/index.php?rest_route=\/wp\/v2\/pages\/6170\/revisions"}],"predecessor-version":[{"id":12681,"href":"https:\/\/www.benarabi.org\/index.php?rest_route=\/wp\/v2\/pages\/6170\/revisions\/12681"}],"wp:attachment":[{"href":"https:\/\/www.benarabi.org\/index.php?rest_route=%2Fwp%2Fv2%2Fmedia&parent=6170"}],"curies":[{"name":"wp","href":"https:\/\/api.w.org\/{rel}","templated":true}]}}